{"id":2449,"date":"2025-09-14T20:50:15","date_gmt":"2025-09-14T20:50:15","guid":{"rendered":"http:\/\/www.artesandrade.com\/?page_id=2449"},"modified":"2025-09-14T20:50:52","modified_gmt":"2025-09-14T20:50:52","slug":"code-races-3","status":"publish","type":"page","link":"http:\/\/www.artesandrade.com\/?page_id=2449&lang=pt","title":{"rendered":"Code-races"},"content":{"rendered":"\t\t<div data-elementor-type=\"wp-page\" data-elementor-id=\"2449\" class=\"elementor elementor-2449\" data-elementor-settings=\"[]\">\n\t\t\t\t\t\t<div class=\"elementor-inner\">\n\t\t\t\t\t\t\t<div class=\"elementor-section-wrap\">\n\t\t\t\t\t\t\t<section class=\"elementor-section elementor-top-section elementor-element elementor-element-1bf9cfc elementor-section-boxed elementor-section-height-default elementor-section-height-default\" data-id=\"1bf9cfc\" data-element_type=\"section\">\n\t\t\t\t\t\t<div class=\"elementor-container elementor-column-gap-default\">\n\t\t\t\t\t\t\t<div class=\"elementor-row\">\n\t\t\t\t\t<div class=\"elementor-column elementor-col-100 elementor-top-column elementor-element elementor-element-b41f549\" data-id=\"b41f549\" data-element_type=\"column\">\n\t\t\t<div class=\"elementor-column-wrap elementor-element-populated\">\n\t\t\t\t\t\t\t<div class=\"elementor-widget-wrap\">\n\t\t\t\t\t\t<div class=\"elementor-element elementor-element-9fc0526 elementor-widget elementor-widget-heading\" data-id=\"9fc0526\" data-element_type=\"widget\" data-widget_type=\"heading.default\">\n\t\t\t\t<div class=\"elementor-widget-container\">\n\t\t\t<h2 class=\"elementor-heading-title elementor-size-default\">Code-races<\/h2>\t\t<\/div>\n\t\t\t\t<\/div>\n\t\t\t\t\t\t<\/div>\n\t\t\t\t\t<\/div>\n\t\t<\/div>\n\t\t\t\t\t\t\t\t<\/div>\n\t\t\t\t\t<\/div>\n\t\t<\/section>\n\t\t\t\t<section class=\"elementor-section elementor-top-section elementor-element elementor-element-8169ef8 elementor-section-boxed elementor-section-height-default elementor-section-height-default\" data-id=\"8169ef8\" data-element_type=\"section\">\n\t\t\t\t\t\t<div class=\"elementor-container elementor-column-gap-default\">\n\t\t\t\t\t\t\t<div class=\"elementor-row\">\n\t\t\t\t\t<div class=\"elementor-column elementor-col-100 elementor-top-column elementor-element elementor-element-f8a28c0\" data-id=\"f8a28c0\" data-element_type=\"column\">\n\t\t\t<div class=\"elementor-column-wrap elementor-element-populated\">\n\t\t\t\t\t\t\t<div class=\"elementor-widget-wrap\">\n\t\t\t\t\t\t<div class=\"elementor-element elementor-element-f4ce4d1 elementor-widget elementor-widget-image\" data-id=\"f4ce4d1\" data-element_type=\"widget\" data-widget_type=\"image.default\">\n\t\t\t\t<div class=\"elementor-widget-container\">\n\t\t\t\t\t\t\t\t<div class=\"elementor-image\">\n\t\t\t\t\t\t\t\t\t\t\t\t<img decoding=\"async\" src=\"http:\/\/www.artesandrade.com\/wp-content\/uploads\/2025\/09\/20220701_195640-scaled.jpg\" title=\"20220701_195640\" alt=\"20220701_195640\" \/>\t\t\t\t\t\t\t\t\t\t\t\t\t\t<\/div>\n\t\t\t\t\t\t<\/div>\n\t\t\t\t<\/div>\n\t\t\t\t<div class=\"elementor-element elementor-element-6793f1a elementor-widget elementor-widget-spacer\" data-id=\"6793f1a\" data-element_type=\"widget\" data-widget_type=\"spacer.default\">\n\t\t\t\t<div class=\"elementor-widget-container\">\n\t\t\t\t\t<div class=\"elementor-spacer\">\n\t\t\t<div class=\"elementor-spacer-inner\"><\/div>\n\t\t<\/div>\n\t\t\t\t<\/div>\n\t\t\t\t<\/div>\n\t\t\t\t\t\t<\/div>\n\t\t\t\t\t<\/div>\n\t\t<\/div>\n\t\t\t\t\t\t\t\t<\/div>\n\t\t\t\t\t<\/div>\n\t\t<\/section>\n\t\t\t\t<section class=\"elementor-section elementor-top-section elementor-element elementor-element-7f6d531 elementor-section-boxed elementor-section-height-default elementor-section-height-default\" data-id=\"7f6d531\" data-element_type=\"section\">\n\t\t\t\t\t\t<div class=\"elementor-container elementor-column-gap-default\">\n\t\t\t\t\t\t\t<div class=\"elementor-row\">\n\t\t\t\t\t<div class=\"elementor-column elementor-col-50 elementor-top-column elementor-element elementor-element-6dcbc68\" data-id=\"6dcbc68\" data-element_type=\"column\">\n\t\t\t<div class=\"elementor-column-wrap elementor-element-populated\">\n\t\t\t\t\t\t\t<div class=\"elementor-widget-wrap\">\n\t\t\t\t\t\t<div class=\"elementor-element elementor-element-6c80b7d elementor-widget elementor-widget-image\" data-id=\"6c80b7d\" data-element_type=\"widget\" data-widget_type=\"image.default\">\n\t\t\t\t<div class=\"elementor-widget-container\">\n\t\t\t\t\t\t\t\t<div class=\"elementor-image\">\n\t\t\t\t\t\t\t\t\t\t\t\t<img loading=\"lazy\" decoding=\"async\" width=\"2000\" height=\"1103\" src=\"http:\/\/www.artesandrade.com\/wp-content\/uploads\/2025\/09\/20220701_182729-scaled-e1757880171164.jpg\" class=\"attachment-full size-full\" alt=\"\" srcset=\"http:\/\/www.artesandrade.com\/wp-content\/uploads\/2025\/09\/20220701_182729-scaled-e1757880171164.jpg 2000w, http:\/\/www.artesandrade.com\/wp-content\/uploads\/2025\/09\/20220701_182729-scaled-e1757880171164-300x165.jpg 300w, http:\/\/www.artesandrade.com\/wp-content\/uploads\/2025\/09\/20220701_182729-scaled-e1757880171164-1024x565.jpg 1024w, http:\/\/www.artesandrade.com\/wp-content\/uploads\/2025\/09\/20220701_182729-scaled-e1757880171164-768x424.jpg 768w, http:\/\/www.artesandrade.com\/wp-content\/uploads\/2025\/09\/20220701_182729-scaled-e1757880171164-1536x847.jpg 1536w\" sizes=\"auto, 100vw\" \/>\t\t\t\t\t\t\t\t\t\t\t\t\t\t<\/div>\n\t\t\t\t\t\t<\/div>\n\t\t\t\t<\/div>\n\t\t\t\t\t\t<\/div>\n\t\t\t\t\t<\/div>\n\t\t<\/div>\n\t\t\t\t<div class=\"elementor-column elementor-col-50 elementor-top-column elementor-element elementor-element-ac332f7\" data-id=\"ac332f7\" data-element_type=\"column\">\n\t\t\t<div class=\"elementor-column-wrap elementor-element-populated\">\n\t\t\t\t\t\t\t<div class=\"elementor-widget-wrap\">\n\t\t\t\t\t\t<div class=\"elementor-element elementor-element-8743208 elementor-widget elementor-widget-text-editor\" data-id=\"8743208\" data-element_type=\"widget\" data-widget_type=\"text-editor.default\">\n\t\t\t\t<div class=\"elementor-widget-container\">\n\t\t\t\t\t\t\t\t<div class=\"elementor-text-editor elementor-clearfix\">\n\t\t\t\t<p style=\"padding-left: 40px;\">Code-races \u00e9 uma instala\u00e7\u00e3o que confronta o mito canibal e a heran\u00e7a do racismo cient\u00edfico do s\u00e9culo XIX. Apresentada em um espa\u00e7o fechado que lembra um freak show, ela coloca o visitante em uma postura de curiosidade misturada com inquieta\u00e7\u00e3o. No centro, r\u00e9plicas de ossos e cr\u00e2nios em argila branca e preta formam um \u201cc\u00f3digo de barras\u201d que leva ao absurdo a pretens\u00e3o de \u201cler\u201d a ra\u00e7a na anatomia. Proje\u00e7\u00f5es de imagens antropom\u00e9tricas aparecem nessas superf\u00edcies, evocando a mercantiliza\u00e7\u00e3o dos corpos e o fasc\u00ednio pelo exotismo. Entre museu e relic\u00e1rio, Code-races coloca em crise os dispositivos de conhecimento e espet\u00e1culo que naturalizaram a desigualdade racial.<\/p>\t\t\t\t\t<\/div>\n\t\t\t\t\t\t<\/div>\n\t\t\t\t<\/div>\n\t\t\t\t\t\t<\/div>\n\t\t\t\t\t<\/div>\n\t\t<\/div>\n\t\t\t\t\t\t\t\t<\/div>\n\t\t\t\t\t<\/div>\n\t\t<\/section>\n\t\t\t\t\t\t<\/div>\n\t\t\t\t\t\t<\/div>\n\t\t\t\t\t<\/div>\n\t\t","protected":false},"excerpt":{"rendered":"<p>Code-races Code-races \u00e9 uma instala\u00e7\u00e3o que confronta o mito canibal e a heran\u00e7a do racismo cient\u00edfico do s\u00e9culo XIX. Apresentada em um espa\u00e7o fechado que lembra um freak show, ela coloca o visitante em uma postura de curiosidade misturada com inquieta\u00e7\u00e3o. No centro, r\u00e9plicas de ossos e cr\u00e2nios em argila branca e preta formam um &hellip; <\/p>\n<p class=\"link-more\"><a href=\"http:\/\/www.artesandrade.com\/?page_id=2449&#038;lang=pt\" class=\"more-link\">Continuar a ler <span class=\"screen-reader-text\">&#8220;Code-races&#8221;<\/span><\/a><\/p>\n","protected":false},"author":1,"featured_media":0,"parent":0,"menu_order":0,"comment_status":"closed","ping_status":"closed","template":"","meta":{"_monsterinsights_skip_tracking":false,"_monsterinsights_sitenote_active":false,"_monsterinsights_sitenote_note":"","_monsterinsights_sitenote_category":0,"footnotes":""},"class_list":["post-2449","page","type-page","status-publish","hentry"],"_links":{"self":[{"href":"http:\/\/www.artesandrade.com\/index.php?rest_route=\/wp\/v2\/pages\/2449","targetHints":{"allow":["GET"]}}],"collection":[{"href":"http:\/\/www.artesandrade.com\/index.php?rest_route=\/wp\/v2\/pages"}],"about":[{"href":"http:\/\/www.artesandrade.com\/index.php?rest_route=\/wp\/v2\/types\/page"}],"author":[{"embeddable":true,"href":"http:\/\/www.artesandrade.com\/index.php?rest_route=\/wp\/v2\/users\/1"}],"replies":[{"embeddable":true,"href":"http:\/\/www.artesandrade.com\/index.php?rest_route=%2Fwp%2Fv2%2Fcomments&post=2449"}],"version-history":[{"count":4,"href":"http:\/\/www.artesandrade.com\/index.php?rest_route=\/wp\/v2\/pages\/2449\/revisions"}],"predecessor-version":[{"id":2453,"href":"http:\/\/www.artesandrade.com\/index.php?rest_route=\/wp\/v2\/pages\/2449\/revisions\/2453"}],"wp:attachment":[{"href":"http:\/\/www.artesandrade.com\/index.php?rest_route=%2Fwp%2Fv2%2Fmedia&parent=2449"}],"curies":[{"name":"wp","href":"https:\/\/api.w.org\/{rel}","templated":true}]}}